 number?
False
Is 16427 a prime number?
True
Is 112657 composite?
False
Is 3117 composite?
True
Is 21955 a prime number?
False
Is 65929 a composite number?
False
Is 7607 a composite number?
False
Is 36731 prime?
False
Is 420149 composite?
False
Is 26009 prime?
False
Is 277333 prime?
False
Is 1233143 a prime number?
True
Is 69529 prime?
False
Is 63299 a prime number?
True
Is 97855 a composite number?
True
Is 1773861 a prime number?
False
Is 4193 prime?
False
Is 30671 prime?
True
Is 1777 a prime number?
True
Is 11519 a prime number?
True
Is 118109 composite?
True
Is 448597 composite?
False
Is 8059 prime?
True
Is 237199 a composite number?
True
Is 232529 composite?
True
Is 896759 a composite number?
True
Is 1441 a prime number?
False
Is 65761 composite?
False
Is 83243 a composite number?
False
Is 63977 a prime number?
True
Is 21587 a composite number?
False
Is 110513 prime?
False
Is 13093 prime?
True
Is 96353 prime?
True
Is 11513 a composite number?
True
Is 210727 a composite number?
True
Is 2417 prime?
True
Is 78229 a prime number?
True
Is 18301 a composite number?
False
Is 103893 composite?
True
Is 1709 prime?
True
Is 2777 a prime number?
True
Is 41867 a composite number?
True
Is 46117 composite?
True
Is 3671 a composite number?
False
Is 23717 a composite number?
True
Is 4609 a composite number?
True
Is 18237 composite?
True
Is 120667 composite?
True
Is 772049 a composite number?
True
Is 37211 a composite number?
True
Is 5429 prime?
False
Is 301193 a prime number?
False
Is 19661 a composite number?
False
Is 13979 composite?
True
Is 40654 a prime number?
False
Is 79 prime?
True
Is 98899 a prime number?
True
Is 1405841 a prime number?
True
Is 3747 prime?
False
Is 573331 a composite number?
True
Is 25577 a composite number?
False
Is 12599 prime?
False
Is 157411 prime?
True
Is 240323 prime?
False
Is 7971 composite?
True
Is 756443 composite?
False
Is 260261 a prime number?
False
Is 8311 composite?
False
Is 5899 composite?
True
Is 6373 composite?
False
Is 62547 a prime number?
False
Is 4177 a composite number?
False
Is 79 a composite number?
False
Is 128591 a composite number?
False
Is 30029 a prime number?
True
Is 78119 a composite number?
True
Is 28501 prime?
False
Is 63059 a prime number?
True
Is 137545 a composite number?
True
Is 3037 prime?
True
Is 1198 a prime number?
False
Is 45443 a composite number?
True
Is 58343 a prime number?
False
Is 409 prime?
True
Is 19289 composite?
False
Is 22613 a prime number?
True
Is 991733 a composite number?
False
Is 39607 prime?
True
Is 35193 a composite number?
True
Is 213449 a prime number?
True
Is 103507 a prime number?
False
Is 110065 composite?
True
Is 99949 a prime number?
False
Is 13217 a prime number?
True
Is 721 composite?
True
Is 672247 a prime number?
False
Is 11641 composite?
True
Is 94759 a prime number?
False
Is 2503 a prime number?
True
Is 631 prime?
True
Is 30343 composite?
True
Is 442583 prime?
False
Is 301073 prime?
True
Is 446135 prime?
False
Is 110119 prime?
True
Is 107893 composite?
True
Is 100753 composite?
True
Is 151549 composite?
False
Is 186209 a composite number?
True
Is 71963 a composite number?
False
Is 2099 composite?
False
Is 2540843 prime?
False
Is 20321 a prime number?
False
Is 277307 prime?
False
Is 50411 a composite number?
False
Is 1753133 prime?
False
Is 33767 a prime number?
True
Is 154006 a prime number?
False
Is 1657 composite?
False
Is 36659 prime?
False
Is 140339 a prime number?
True
Is 3433 composite?
False
Is 405242 composite?
True
Is 103315 composite?
True
Is 6761 a composite number?
False
Is 316961 prime?
True
Is 1211317 prime?
False
Is 117617 composite?
False
Is 11113 prime?
True
Is 69109 a composite number?
False
Is 88841 a composite number?
True
Is 24445 a prime number?
False
Is 3491 prime?
True
Is 81961 prime?
False
Is 1471 a prime number?
True
Is 26171 a composite number?
False
Is 43573 composite?
False
Is 157 composite?
False
Is 9767 prime?
True
Is 357179 a composite number?
False
Is 264035 prime?
False
Is 12553 composite?
False
Is 1801 a prime number?
True
Is 1134553 a prime number?
False
Is 453673 prime?
False
Is 609611 a prime number?
False
Is 22343 a composite number?
False
Is 396119 a composite number?
False
Is 205469 prime?
False
Is 14143 a composite number?
False
Is 145943 prime?
False
Is 87089 prime?
False
Is 374873 a composite number?
True
Is 26457 prime?
False
Is 949 a prime number?
False
Is 9701 composite?
True
Is 311711 prime?
True
Is 40879 a prime number?
True
Is 1064191 composite?
False
Is 976691 a composite number?
True
Is 13561 prime?
False
Is 10661 prime?
False
Is 447 prime?
False
Is 350843 a composite number?
False
Is 1656593 prime?
True
Is 401567 a prime number?
True
Is 82837 composite?
False
Is 13451 composite?
False
Is 19835 a prime number?
False
Is 80777 a composite number?
False
Is 1091143 composite?
True
Is 25841 a prime number?
True
Is 5039 a prime number?
True
Is 202858 a composite number?
True
Is 351071 a composite number?
True
Is 222913 prime?
True
Is 989435 a prime number?
False
Is 72017 composite?
True
Is 5965 prime?
False
Is 303529 a prime number?
True
Is 1711 a composite number?
True
Is 29361 a composite number?
True
Is 15419 a prime number?
False
Is 631453 a composite number?
False
Is 2691119 a composite number?
False
Is 10363 prime?
False
Is 187861 a prime number?
True
Is 62885 a prime number?
False
Is 53773 composite?
False
Is 991 composite?
False
Is 8683 prime?
False
Is 14197 a prime number?
True
Is 861793 composite?
True
Is 349442 composite?
True
Is 18923 composite?
True
Is 569189 a prime number?
True
Is 5039 composite?
False
Is 12611 composite?
False
Is 124529 composite?
False
Is 827303 prime?
True
Is 109013 prime?
True
Is 3137 a composite number?
False
Is 9143 a prime number?
False
Is 43609 a prime number?
True
Is 52517 prime?
True
Is 1613587 prime?
True
Is 558307 a composite number?
False
Is 3847 a prime number?
True
Is 6379 a composite number?
False
Is 299783 a composite number?
True
Is 44177 a prime number?
False
Is 1535 a prime number?
False
Is 413 prime?
False
Is 158677 a prime number?
False
Is 5707 composite?
True
Is 75869 a prime number?
True
Is 161371 a prime number?
False
Is 1466633 prime?
False
Is 109299 a prime number?
False
Is 180161 composite?
False
Is 97823 a composite number?
True
Is 1115 a composite number?
True
Is 210623 composite?
True
Is 563593 composite?
False
Is 78259 a prime number?
True
Is 6247 prime?
True
Is 2707 a prime number?
True
Is 346539 prime?
False
Is 58199 a composite number?
False
Is 133753 prime?
False
Is 341167 a prime number?
False
Is 1092541 a composite number?
False
Is 47033 prime?
False
Is 716323 a composite number?
True
Is 43879 composite?
True
Is 74027 composite?
False
Is 558251 a composite number?
False
Is 100097 composite?
True
Is 642931 composite?
False
Is 437 a prime number?
False
Is 2939 composite?
False
Is 41863 a composite number?
False
Is 74441 a prime number?
True
Is 169513 a composite number?
True
Is 22303 a composite number?
False
Is 245757 a prime number?
False
Is 2309 composite?
False
Is 108331 a composite number?
True
Is 19207 prime?
True
Is 245339 a composite number?
False
Is 839671 prime?
False
Is 219341 prime?
False
Is 7393 composite?
False
Is 3631435 a composite number?
True
Is 133613 prime?
False
Is 301651 a prime number?
False
Is 24329 a prime number?
True
Is 983 a composite number?
False
Is 308411 a composite number?
False
Is 56302 prime?
False
Is 26179 composite?
True
Is 384653 a composite number?
True
Is 345997 prime?
True
Is 7199 a prime number?
False
Is 254 a composite number?
True
Is 7499 a prime number?
True
Is 10711 prime?
True
Is 8503 prime?
False
Is 67501 composite?
True
Is 583 prime?
False
Is 105333 prime?
False
Is 12394 prime?
False
Is 316907 prime?
True
Is 16759 a prime number?
True
Is 71689 prime?
False
Is 115129 prime?
False
Is 11273 a composite number?
False
Is 314399 composite?
False
Is 319511 a prime number?
True
Is 6803 a prime number?
True
Is 142181 composite?
True
Is 1931 prime?
True
Is 22853 a prime number?
True
Is 24011 a composite number?
True
Is 96743 prime?
False
Is 16033 a prime number?
True
Is 555353 a composite number?
True
Is 68401 a composite number?
True
Is 34403 composite?
False
Is 6253503 prime?
False
Is 60589 a composite 